 - -5 - -3) + -2
4
Evaluate -5 + 2 - (36 + -35) - -10.
6
Calculate 2 - (5 + -8 - (-3 + 6)).
8
12 + (-2 - (9 + -3))
4
-14 + 22 + (-7 - -1 - 2)
0
Evaluate 0 - 2 - (-98 + 91).
5
What is -20 + (0 - -7 - -5)?
-8
Evaluate 2 + -1 + 27 + -25.
3
-6 + -8 - -31 - 10
7
Evaluate (-1 - 1 - 1 - 0) + -2.
-5
-21 - -20 - (-1 + 1 - -3)
-4
Calculate -4 - (-6 - -4) - -5.
3
Evaluate 1 + -7 + 40 + -35.
-1
What is (4 - (5 + 2)) + 4?
1
-1 + 4 - 1 - (5 + 2)
-5
Calculate -2 + 4 + -3 + 1 + 0.
0
What is the value of (-3 - -2) + 4 - (9 - 8)?
2
What is 2 - (4 + -2 + 4)?
-4
What is -8 + (4 - (0 - 1) - 2)?
-5
Evaluate -1 - (-9 + 1 + (4 - 0)).
3
-8 + 6 + 8 - 5
1
What is (-17 - -6) + 3 - (-10 + 0)?
2
What is -8 + (0 - -3) + 21 + -15?
1
What is the value of (0 - (-3 + 16)) + (1 - -2)?
-10
What is 2 - 2 - (3 - 4)?
1
Evaluate (14 - 17) + 2 + 1.
0
Calculate 0 - (0 + (3 - 7)).
4
Calculate -1 - (0 + 10 + -3 - 3).
-5
-98 - -97 - (-1 + (5 - -1))
-6
Evaluate (0 - 2 - 0 - 0) + 2.
0
Evaluate -7 + 1 + 7 + -3.
-2
What is (11 - (4 + 1)) + -9?
-3
Calculate (-16 - (3 - 2)) + 3 + 5.
-9
What is 5 + -5 - 5 - (11 - 13)?
-3
3 + (1 - 0 - -2) + -2
4
What is 0 - -1 - (15 + -14)?
0
Calculate -6 + 4 + (3 - -3).
4
What is the value of 0 - (-2 + (-2 - -3) + 6)?
-5
Evaluate -2 + 8 - ((3 - 6) + 16).
-7
Evaluate 5 + (5 - 2 - 7).
1
What is -3 + -5 + (-4 - -11)?
-1
Calculate (-7 - 5 - -3) + (11 - 5).
-3
Evaluate -9 + 0 + 2 - -4.
-3
What is -1 - -7 - (12 + -4)?
-2
What is (1 - 8) + 15 + -8?
0
What is the value of (4 - 10) + 22 + -14?
2
Evaluate 4 - (8 - 0 - (-1 + 3)).
-2
What is 0 + -14 - (85 + -108)?
9
-3 + -1 + (-44 - -44)
-4
Evaluate 4 + -8 + -3 + 10 + -3.
0
8 + (-7 - -4 - 1)
4
Evaluate (0 - 1) + 4 - (68 - 65).
0
Evaluate (2 + 1 - (6 + 0)) + 3.
0
What is 0 + -7 + 6 + 3?
2
7 + (0 - 0) + (1 - 4)
4
-1 - (1 - (1 + -2))
-3
1 - (7 - (9 + -11))
-8
Calculate -2 + 3 - (-4 + 3 + 9).
-7
(6 - 2) + 1 - 4
1
Calculate 12 + -12 + (18 - 14).
4
Calculate 1 - (-3 + (8 - 0) + -2).
-2
What is the value of 4 - (1 + -2) - (25 + -17)?
-3
Calculate (3 + -2 - 2) + 2 - -2.
3
What is the value of (-5 - -2) + (-2 - -5)?
0
What is the value of (7 - 3) + -4 + (5 - 3)?
2
Evaluate -3 - (2 - -1 - 6 - 1).
1
Calculate (-1 - ((-3 - 0) + 2)) + 3.
3
Calculate (-7 - (-10 + 7)) + -2.
-6
64 - 52 - (1 + 10)
1
What is -5 + 4 + -5 + (20 - 17)?
-3
What is (2 - 5) + 6 + 2?
5
Calculate (-3 - (-9 + 3)) + (-1 - -2).
4
What is the value of -60 + 61 + (2 - 1 - 2)?
0
Evaluate 1 - (-5 + (0 - 0)).
6
Calculate -6 + (-3 + 4 - -1).
-4
Calculate -16 + (15 - 0 - 3).
-4
What is the value of -20 + 13 + 12 + -7?
-2
9 + (-19 - -7) + 12
9
-2 + (5 - (2 - 3))
4
What is the value of -7 - (-9 + 7 + -4 + 3)?
-4
What is the value of -1 + (-11 - -18) + -3?
3
What is -4 + 7 + 1 + -4?
0
Evaluate (2 - -2) + (0 - 7).
-3
(0 - (-4 + 0)) + (-2 - 3)
-1
Evaluate 8 - ((2 - -2) + 1 - 1).
4
Calculate -2 - (6 + -1 + -4 + 0).
-3
Calculate (2 - 2 - 3) + (6 - 1).
2
What is 2 + (-2 - 11) + 0?
-11
17 + -11 - 3 - 6
-3
What is (10 - 8 - 8) + 12?
6
What is 12 + -5 - 8 - (0 - 5)?
4
-2 - -7 - (-12 + 17)
0
-7 + -8 + 5 + 2
-8
What is 4 + -11 + 7 - (-2 - -11)?
-9
(3 - 0 - 1) + 4 - 5
1
(1 - 2) + (12 - 8) + -3
0
Calculate (-7 - 4) + 18 + -14.
-7
Evaluate 5 + -9 + -1 + 7.
2
What is the value of (-5 - 0 - -1) + 5 + 0?
1
Evaluate 3 - (2 - 9) - (0 - -7).
3
-9 + 5 - -1 - (-3 - -2)
-2
What is the value of -4 - -9 - (-15 + 23)?
-3
What is the value of 5 + -4 + 1 + (-5 - -1)?
-2
What is 7 + (-9 - -6) + -8?
-4
What is the value of -7 + -5 + (3 - -2)?
-7
-3 + 0 - 0 - 0
-3
What is 0 - ((1 - -1) + -15 + 8)?
5
-17 + 8 + (-1 - -3) + 2
-5
What is the value of -1 + (7 - (-7 + 8))?
5
-4 + (-10 - -1 - -15)
2
Calculate 1 + (-2 - 3 - 0).
-4
Evaluate 0 + -3 - (39 - 39).
-3
Evaluate 2 + -5 - (14 + -10).
-7
Evaluate 1 + -1 - 2 - 2.
-4
What is the value of -1 + 6 + 13 + -23?
-5
Evaluate -4 - (-9 - -1) - 7 - -3.
0
What is -1 + 5 + -8 + 12 + -1?
7
What is (-13 - 2) + 21 + (0 - 0)?
6
-3 + (5 - -1 - 0)
3
-9 - (-8 - (-3 - 2))
-6
1 + 0 + -8 + 13
6
What is -1 - 1 - (7 - (28 - 26))?
-7
Evaluate (30 - 15 - 20) + 12 + -1.
6
What is the value of -7 - -6 - (-6 - -2)?
3
What is (1 - 4) + -1 + 14 + -15?
-5
Evaluate 1 + -2 - (2 + -3).
0
Calculate 1 - ((2 - -4) + (-3 - 1)).
-1
5 - -3 - 7 - (-1 - 3)
5
Evaluate (-1 - 0) + (9 - 13).
-5
(3 - 0 - 2) + (4 - 1)
4
Calculate 17 + -14 - (2 - 0).
1
Evaluate (3 - (0 - (8 - 3))) + 1.
9
Evaluate -5 + (-6 + 0 + 10 - -2).
1
What is the value of -10 + 11 - (1 + 3)?
-3
Calculate (-7 - 0) + (11 - 7).
-3
What is (-8 - -6) + -2 + 1 + 3?
0
What is the value of -7 + (2 - (-8 + 7))?
-4
(0 - (-2 - -4)) + 4
2
What is 0 + -1 + (0 - (1 - 4))?
2
What is the value of -2 - 0 - (4 - (-3 - -5))?
-4
Calculate (2 + -3 - 1 - 2) + 1.
-3
Evaluate (1 - (2 + (-5 - -1))) + 1.
4
Evaluate -2 + (-1 - -7) - (0 + 4).
0
Calculate (4 - 4 - 1) + 6.
5
What is the value of 3 - (5 - -6 - 3)?
-5
What is the value of -4 - (6 - 12 - 5)?
7
What is 1 - (10 - 15 - (-2 + -3))?
1
What is the value of 25 - 21 - (-1 + 5)?
0
What is the value of 3 + -13 + 5 + 0?
-5
What is -4 + 6 + 1 + -3?
0
Calculate -3 + (-5 - (4 + -8)) + 3.
-1
22 + -10 + 2 - 10
4
What is the value of 1 - (-4 + -3) - (8 - 6)?
6
What is the value of 4 + 12 - (49 - 39)?
6
What is the value of -2 - -31 - 14 - 10?
5
(-5 - (-3 + -14)) + -6
6
-4 + 0 + -2 + 2 - -2
-2
What is 14 + (-7 - 2) + (1 - 4)?
2
2 + -4 + (8 - 4) + -2
0
Evaluate -8 + 7 - (2 + 0).
-3
Evaluate (0 + 14 - 7) + -1.
6
Evaluate -3 + 5 - (-10 + 9 + 1).
2
What is the value of -3 + -7 + 6 + 1?
-3
Calculate -2 - (3 - 9 - -3).
1
Calculate (0 - 5) + 3 + 1 + 0.
-1
Evaluate -4 - (-5 + 1 + 0).
0
What is -5 - 0 - (-19 - (21 - 30))?
5
Evaluate 1 - (2 - 8 - -7).
0
What is the value of 6 + -11 - (1 + -3) - -1?
-2
What is (12 - 7 - 14) + -1 + 4?
-6
What is the value of 2 + (0 + -1 - (15 - 19))?
5
What is 5 + -3 - (-5 - 2)?
9
Evaluate (9 + -2 - -9) + -12.
4
16 + -3 + 1 + (-8 - 0)
6
Calculate -16 - -11 - (-3 + -6).
4
Evaluate 2 - (-1 - (-6 - 1)).
-4
Evaluate 1 + 4 - (-19 - -25).
-1
Evaluate -7 + 0 + 13 + -3.
3
-5 + -12 - (-19 - -11)
-9
What is (-25 - -25) + (2 - 1) + -2?
-1
-3 - (-3 + 2 + 0) - -1
-1
Calculate -3 + -2 + (4 - (-4 + 1)).
2
What is the value of (3 - 3 - 2) + -1 - -7?
4
What is -2 - 0 - (-3 + (3 - 3))?
1
What is 7 + (-9 - 0) - (-6 + 0)?
4
Calculate 0 + 6 + -2 + -2.
2
Calculate -3 + (-3 - -2) + -2 + 3.
-3
What is the value of 24 + -20 + (-1 - -1)?
4
8 - (7 - 4 - -2)
3
Evaluate (0 - 3) + 4 + (4 - 5).
0
Evaluate (1 - -1) + 3 + -1 + -2.
2
Evaluate (18 - 7) + (-5 - 2).
4
What is (-2 - ((0 - -7) + -3)) + 7?
1
Calculate 6 + -2 - (3 - 0) - -4.
5
Calculate 1 + 0 + (10 - 9).
2
Evaluate (0 - 2 - (5 - 13)) + -2.
4
Evaluate -5 + 11 - 6 - 0.
0
What is 2 - -1 - (-71 - -80)?
-6
26 + -12 + (0 - (5 - 1))
10
What is (-9 - -2) + -7 + 10?
-4
What is the value of -3 - (-16 + 19 + -12 + -1)?
7
What is 1 + -1 + -1 + -1?
-2
What is (1 - 3) + 3 - (-6 + 6)?
1
-1 - -3 - (0 + 0 - 0)
2
What is the value of 1 - (6 + -10) - 6?
-1
Calculate -2 - (-2 + 1) - (3 + -7).
3
What is 25 - 20 - (-1 + 1)?
5
What is -5 + (-2 - (-8 - -14 - 20))?
7
Evaluate -3 - (-2 + 3 + -4 - -2).
-2
Evaluate (14 - 14) + (8 - 5) + -5.
-2
Evaluate (4 - 2) + -1 - 3.
-2
What is -1 - (-2 - -2) - (-9 + 10)?
-2
Calculate -4 + 1 - (-16 + 14).
-1
-3 + (-6 - 0 - (-63 - -53))
1
-6 - -11 - (-6 + 13)
-2
What is the value of 7 + (-3 - -3) - 5?
2
What is -37 + 35 + (-1 - -9)?
6
Evaluate (2 - 16) + 4 - -5.
-5
What is (0 - -4) + 6 + -9?
1
What is (3 - 5 - -9) + -1 - 0?
6
Evaluate 0 + -13 + 6 + 4.
-3
Calculate (13 + -6 - -4) + 0 + -6.
5
What is the value of 4 + -1 - (-3 + 2 + 0)?
4
What is 4 + (-4 + -3 - -1) + 1?
-1
Calculate 8 - (-1 + 9 + -2).
2
What is the value of 5 + -3 - 5 - -2?
-1
Calculate (3 - 0) + 4 + -10.
-3
(14 - (1 + 3)) + -6
4
What is the value of 9 + 12 + -13 + -6?
2
What is the value of -1 - (-3 - -4 - 2 - 0)?
0
What is -3 + 7 + (-6 - 2)?
-4
Evaluate -2 + 2 + 6 + 5 + -6.
5
What is the value of -2 + -10 + 13 + -10 + 4?
-5
What is the value of (10 - 11) + 1 + -6?
-6
What is the value of (-4 + (5 - 3) - -4) + 4?
6
What is 4 - ((3 - -1 - 3) + 3)?
0
Calculate (-1 - -6) + (-1 - 0).
4
What is the value of 1 - -7 - (99 - 90)?
-1
2 - (-10 - ((5 - 15) + 5))
7
Calculate -4 - (4 - (14 - (1 + 5))).
0
What is (1 + 0 - 0) + 2 + -5?
-2
What is 1 + -2 + 16 + 27 + -34?
8
5 + 3 + -3 + -2
3
15 - 7 - (-2 + 6)
4
C